 1177352 = 56*t + 22*t. List the prime factors of t.
17, 787
Let l(r) = 71*r - 10. Suppose -2*j + 5 + 5 = p, j + 1 = p. What are the prime factors of l(j)?
7, 29
Suppose -8*h - 68 = -12*h. Let m(i) = -i + 8*i - 11 + 10 + h*i. List the prime factors of m(7).
167
Let d(j) = -5*j - 6. Suppose 5*y = -6*y - 22. Let x be d(y). Suppose -4*h = -4, -2 + 235 = x*m + h. What are the prime factors of m?
2, 29
Suppose 601*s = 1222*s - 595*s - 28808. What are the prime factors of s?
2, 277
Suppose -4*m - 3*w = -23, -4*w + 15 = 5*m - 3*w. Suppose 5*h + 109 = 4*s - 233, -2*s - m*h = -180. Let i = 175 - s. List the prime factors of i.
3, 29
Let g(z) = -35 - 11*z + 53 - 26. What are the prime factors of g(-11)?
113
Let p(l) = -3*l - 3. Let v be p(13). Let o = v + 40. List the prime factors of ((-236)/o)/(14/21).
3, 59
Let a be ((-21)/(-35) + 4/10)*9. Suppose -h = 4 - a. Suppose 0*q + 1000 = h*q. What are the prime factors of q?
2, 5
Suppose 11*f = 4*b + 12*f - 186685, -4*b + 186691 = -f. What are the prime factors of b?
2, 2917
Let a(v) = -15*v - 31. Suppose 4*d = -0*d - m - 41, 3*d + m = -32. What are the prime factors of a(d)?
2, 13
Let y(l) = 7*l + 46. Let c be y(-6). Let g be c + 3/((-12)/20). What are the prime factors of (3*95 + g)/2?
2, 71
Suppose 0*a - 3297 = -7*a. What are the prime factors of ((-7)/(-3) - (-10)/15) + a?
2, 3, 79
What are the prime factors of 1167*1*(-10)/60*-46?
23, 389
Suppose 5*r = 3*i + 28, -i - 2*r + 9 = -0. List the prime factors of (148 - 8) + 2 - (-1)/i.
3, 47
What are the prime factors of 13 + -10 - ((3 - 2) + 2) - -16427?
16427
Let w(n) = n**3 + 21*n**2 - 4*n + 4. Suppose 0*k = 5*k - 25. Suppose k*g - 46 = -151. List the prime factors of w(g).
2, 11
Let m be (2 + 0)/((-5)/((-135)/6)). Let l(o) = 7*o - 27. Let t be l(m). Suppose 0 = 5*x - 749 - t. List the prime factors of x.
157
Suppose 18406 = 4*v + 2*b, -29*v + 18409 = -25*v - b. List the prime factors of v.
2, 3, 13, 59
Suppose 18*x = 108 - 558. What are the prime factors of 584 - 0 - (x + 24)?
3, 5, 13
What are the prime factors of (-35466408)/(-504) - 3/(-21)?
2, 5, 31, 227
Suppose 0*g = 36*g - 468312 - 862464. List the prime factors of g.
2, 3, 61, 101
Suppose 15190*q = 15146*q + 386892. What are the prime factors of q?
3, 977
List the prime factors of (-63)/(-42)*18708/5 + 2/(-5).
2, 23, 61
Suppose 0 = -4*g - 4*c - 136, 31 = 4*g + c + 164. List the prime factors of (-919)/(-3) + (-22)/g.
307
Let c = -5 - -7. Suppose -y + a + 665 = 0, 3*y - 1147 = -c*a + 853. List the prime factors of y.
2, 3, 37
Suppose 41490*g = 41486*g + 34532. What are the prime factors of g?
89, 97
Let o(w) = 3*w**2 + 23*w + 21. Let x(t) = -2*t**2 - 5*t + 15. Let k be x(-5). List the prime factors of o(k).
7, 13
Let m = 126 - 124. Suppose -51 = -d - 2*d - n, -d + 24 = -m*n. Suppose -10*k = -d*k + 416. List the prime factors of k.
2, 13
Let k(y) = 0*y - 51 + 47 + y + 2*y. Let i be k(3). Suppose 4*o - 6*f + 2*f - 424 = 0, -i*f = -2*o + 209. What are the prime factors of o?
107
Let p(b) be the first derivative of -247*b**2/2 + 26*b - 252. What are the prime factors of p(-7)?
3, 5, 13
What are the prime factors of ((-154)/(-30) + -5)*154890/(-9)*-3?
2, 1721
List the prime factors of (44592/272 + -4)*17.
2719
Let i be 3/2 + (6877/2 - 0). Suppose 0 = 10*h - 5*h - i. What are the prime factors of h?
2, 43
Suppose 2*c = 5*h - 251, 245 = -2*c - h - 0*h. Let m = c - -122. What are the prime factors of m - 0/(-4) - -189?
2, 47
Suppose 0 = 4*p - 5*p + 1. What are the prime factors of (3 + (-4)/p - -5) + 238?
2, 11
Let v = 27960 - 19417. List the prime factors of v.
8543
Let q(n) = n**3 + 16*n**2 - 22*n + 14. Let j(u) = -21 + 2*u**2 + u + 46 - 3*u**2. Let c be j(-6). List the prime factors of q(c).
3, 11
Let x(s) = 3*s - 298. Let a(p) = 8*p - 597. Let d(m) = 2*a(m) - 5*x(m). What are the prime factors of d(0)?
2, 37
Let d(t) = 717*t**2 + 19*t - 180. List the prime factors of d(5).
2, 5, 223
Suppose 0 = k - 1183 - 720. Suppose -k = -3*q + 2*i, 4*q - 4*i = 2*q + 1274. List the prime factors of q.
3, 211
Suppose -l = -3*b + 13081, -9*b = -12*b + 4*l + 13075. Suppose 107*r - 100*r = b. List the prime factors of r.
7, 89
Suppose 7*p - 2520 = 16*p. Let z = -167 - p. List the prime factors of z.
113
Let g be (-244 - 1)*(-2)/5. Suppose 3*d - 298 = 6*d + 2*m, -d - 2*m = g. Let u = 166 + d. List the prime factors of u.
2, 3, 11
Let d(w) be the first derivative of -w**6/120 + w**4/8 - w**3/2 + w**2 - 29. Let n(x) be the second derivative of d(x). List the prime factors of n(-3).
3, 5
Let v = 77 + -73. Let l be (0 - -5)/(2/v). What are the prime factors of (-8)/(4/(-28) - l/(-266))?
2, 19
Let v(h) = 18*h**2 + 9*h - 4. Let i be v(10). Let d = i + -1323. Let j = d - 295. List the prime factors of j.
2, 67
Let y = 7168 + -4274. List the prime factors of y.
2, 1447
What are the prime factors of 178796/22 - 5/55?
3, 7, 43
Suppose 0 = a - 2*a + 5*a. Suppose a = -0*r - 12*r + 1212. Suppose 5*i - 3*i = -s + r, 0 = -5*s - 4*i + 511. List the prime factors of s.
103
Let z(y) be the third derivative of y**4/24 + y**3/6 - 25*y**2. Let s(g) = 8*g + 7. Let j(k) = -s(k) + z(k). What are the prime factors of j(-9)?
3, 19
Let i be 31 + -9 + -2 + (-9)/(-3). Suppose 1568 = 27*j - i*j. What are the prime factors of j?
2, 7
Suppose -5*b + 3*s + 15 = 0, -14*b + 12*b + 37 = 5*s. Suppose b*f = 405 + 465. List the prime factors of f.
5, 29
Suppose -2*n - 137670 = -9*d, 41*d - 44*d = 4*n - 45918. What are the prime factors of d?
2, 7649
Suppose -6*t = 4*w - 196290, 3*w - 147217 = -49*t + 45*t. What are the prime factors of w?
3, 11, 1487
List the prime factors of 4 - ((-6)/51 + 1073128/(-119)).
2, 13, 347
Let n be (-23)/2*(-7)/(7/26). Suppose 5*z + n = 689. List the prime factors of z.
2, 3, 13
Suppose -4*y = -6*y - 1458. Let x = 1347 + y. Suppose r = 5*a - x - 350, -4*r = -2*a + 398. List the prime factors of a.
193
Suppose -14*s - 19552 + 1576 = 0. Let u = s - -2002. List the prime factors of u.
2, 359
Let j be 10/6 - (252/(-27) - -10). Let m be 3/(-9) + (-133)/(-3). Let l = j + m. List the prime factors of l.
3, 5
Let x = 871 + -878. What are the prime factors of ((-6)/(-12))/(((-28)/3152)/x)?
2, 197
Let t = 10108 - -776. What are the prime factors of t?
2, 3, 907
Let c(k) = 5*k**2 + 5*k + 9. Suppose -2*q - 17 = 5*s, 0*s + 3*s - 3*q + 27 = 0. Let n be c(s). Let m = n - 59. What are the prime factors of m?
2, 5
Let l(r) = 132*r - 30. Let o be l(5). Let c = o + 2. List the prime factors of c.
2, 79
Suppose 6*h - 2*h + 63 = 3*i, -9 = 3*i. List the prime factors of 3/h - 1651/(-6).
5, 11
Suppose 5*z + 8658 = m, -802*m + 798*m + 34656 = 4*z. What are the prime factors of m?
8663
List the prime factors of 128/(-40)*-5 + 27952.
2, 19, 23
Suppose 5*t = 983 + 1257. Suppose -236 - t = -3*k. What are the prime factors of k?
2, 3, 19
Suppose 3*o = 2*f + 15, 9 + 6 = -3*f + 3*o. Suppose 0 = g + 4*i - 390, f = -6*g + 2*g + 3*i + 1503. Suppose 4*k - g = -2*k. List the prime factors of k.
3, 7
Let x(d) = -2*d**2 + 23*d + 27322. What are the prime factors of x(0)?
2, 19, 719
Suppose 116*i - 117*i + 3*l + 22818 = 0, 3*l - 45681 = -2*i. What are the prime factors of i?
3, 43, 59
Let r = 8 + -8. Let v = -149 + 159. Suppose -v*j + 11*j - 106 = r. What are the prime factors of j?
2, 53
Let k(g) = 135*g**2 + 54*g + 191. What are the prime factors of k(-11)?
2, 7, 569
Let g(s) = s**3 + 28*s**2 + 11*s - 362. What are the prime factors of g(-22)?
2, 5, 23
Suppose 17*y - 170994 - 188246 = -23*y. What are the prime factors of y?
7, 1283
Let r(d) = 16*d + 3. Suppose -4 = -2*w + 4. Let c be 0 + -5 + w - -3. List the prime factors of r(c).
5, 7
Let i = -17835 - -19331. List the prime factors of i.
2, 11, 17
Let m = 49 - 53. Let h(g) = -g + 30. What are the prime factors of h(m)?
2, 17
Let p(s) = -s**2 - 2*s + 2. Let o be p(-2). Suppose z = -o*i + 276, 138 = 4*i - 3*i - 3*z. Suppose -7*f + i = -f. List the prime factors of f.
23
Let r = 2159 + -1182. Let i = r + -309. What are the prime factors of i?
2, 167
Let l(x) = 5*x**2 + 82*x + 21. Let a(f) = -2*f**2 + 4*f + 28. Let m be a(6). What are the prime factors of l(m)?
3, 127
Suppose -3*c + 1790 = -2*w, -c + 427*w + 594 = 425*w. List the prime factors of c.
2, 13, 23
Let z(u) be the third derivative of 11*u**6/120 + u**5/30